{"id":398,"date":"2016-10-11T22:47:02","date_gmt":"2016-10-11T22:47:02","guid":{"rendered":"http:\/\/dfaudiosolutions.com\/site\/?page_id=398"},"modified":"2016-10-11T22:54:40","modified_gmt":"2016-10-11T22:54:40","slug":"sobre-daniel-fernandes","status":"publish","type":"page","link":"http:\/\/dfaudiosolutions.com\/site\/sobre-daniel-fernandes\/","title":{"rendered":"Sobre Daniel Fernandes"},"content":{"rendered":"<p><a href=\"http:\/\/dfaudiosolutions.com\/site\/wp-content\/uploads\/2016\/10\/about.jpg\"><img loading=\"lazy\" decoding=\"async\" class=\"alignleft size-medium wp-image-254\" src=\"http:\/\/dfaudiosolutions.com\/site\/wp-content\/uploads\/2016\/10\/about-218x300.jpg\" alt=\"about\" width=\"218\" height=\"300\" srcset=\"http:\/\/dfaudiosolutions.com\/site\/wp-content\/uploads\/2016\/10\/about-218x300.jpg 218w, http:\/\/dfaudiosolutions.com\/site\/wp-content\/uploads\/2016\/10\/about.jpg 283w\" sizes=\"auto, (max-width: 218px) 100vw, 218px\" \/><\/a>Daniel Fernandes nasceu com a m\u00fasica no sangue. Seus pais Maria In\u00eas (Professora de Artes Pl\u00e1sticas e Matem\u00e1tica) e Paulo (Jornalista e M\u00fasico), sempre o incentivaram quando cantarolava melodias de Milton Nascimento, m\u00fasicas sempre presentes em sua casa, desde muito pequeno.<\/p>\n<p>Aos 11 anos, iniciou seus estudos de m\u00fasica come\u00e7ando por piano. Tamb\u00e9m estudou viol\u00e3o, guitarra, e percep\u00e7\u00e3o e teoria musical at\u00e9 meados da d\u00e9cada de 90. E durante os estudos do colegial, conclu\u00eddos no Col\u00e9gio Equipe, percebeu que a m\u00fasica era algo que realmente fazia parte da sua vida.<\/p>\n<p>Come\u00e7ou ent\u00e3o \u2013 e de forma didata \u2013 a tocar bateria em festivais intercolegiais, descobrindo o instrumento que realmente queria levar adiante. E se tornou baterista de diversas bandas profissionalmente pelas noites paulistanas, ao mesmo tempo em que cursava a faculdade de Publicidade e Propaganda, na FIAM (Faculdades Integradas Alc\u00e2ntara Machado).<\/p>\n<p>Ao concluir sua gradua\u00e7\u00e3o, em 1999, j\u00e1 sabia que tinha sido escolhido pela m\u00fasica e que n\u00e3o haveria mais escapat\u00f3ria. Foi quando, ao gravar como baterista em alguns est\u00fadios, come\u00e7ou a se interessar pelos microfones, mesas de som e equipamentos perif\u00e9ricos, em um cen\u00e1rio do mundo da m\u00fasica que passou a lhe chamar muita sua aten\u00e7\u00e3o.<\/p>\n<p>Formou-se em 2001, no Curso Din\u00e2mico de \u00c1udio, do Conservat\u00f3rio Souza Lima. Tamb\u00e9m no renomado conservat\u00f3rio estagiou e passou a dar aulas dos m\u00f3dulos pr\u00e1ticos ao lado de Manny Monteiro (Engenheiro de som e Produtor), que foi seu mentor at\u00e9 2008.<\/p>\n<p>Concentrando seu trabalho exclusivamente em est\u00fadio, com grava\u00e7\u00e3o e mixagem, vivenciou toda a transi\u00e7\u00e3o da grava\u00e7\u00e3o em fita para a grava\u00e7\u00e3o via software, especializando-se em Digidesign Pro-Tools (hoje em dia, AVID).<\/p>\n<p>Neste per\u00edodo, teve a oportunidade de trabalhar com grandes artistas como Artur Maia (Gilberto Gil), Faiska (F\u00e1bio Jr), Nelson Faria (Jo\u00e3o Bosco), Dinho Gon\u00e7alves (Percusionista\/ Solo), Yves Rudner Schmidt (Pianista e maestro), Andria e Ivan Busic (Dr. Sin), Edu Ardanuy (Dr. Sin), entre outros.<\/p>\n<p>Em 2002, Daniel Fernandes come\u00e7ou a se aventurar com som ao vivo, fazendo mixagens de P.A e Monitor para bandas que tocavam na noite. Pouco depois, em 2003, teve a oportunidade de fazer um show de grande porte com a lend\u00e1ria banda de metal brasileira \u201cHarppia\u201d, no antigo Palace em SP. Foi ali que come\u00e7ou sua carreira com engenheiro de som ao vivo.<\/p>\n<p>A partir da\u00ed, come\u00e7ou a trabalhar com bandas como MindFlow, Dr. Sin, Eyes Of Shiva, dentre muitas outras de diversos estilos, viajando pelo Brasil e exterior.<\/p>\n<p>Em 2007, passou a trabalhar com o baterista Aquiles Priester, mixando seus WorkShops, Shows com as Bandas Hangar e Almah. Deste per\u00edodo, at\u00e9 os tempos atuais, encarou muitas estradas, erros, acertos, adversidades, dificuldades e sucessos, acumulando o hist\u00f3rico de uma carreira s\u00f3lida e em constante evolu\u00e7\u00e3o no \u00e1udio ao vivo.<\/p>\n<p>Hoje, Daniel Fenandes trabalha ao lado de bandas e artistas de renome, como Aquiles Priester, Andre Matos, Sepultura, Noturnall, Oficina G3, dentre outros, em grandes shows e festivais, sendo especializado no estilo Heavy-Metal, ainda que mixe outros estilos tamb\u00e9m.<\/p>\n<p>Daniel deixa aqui seu agradecimento aos seus pais In\u00eas e Paulo, esposa Julien, filho Alexandre, fam\u00edlia e amigos, pelo suporte e incentivo incondicional \u00e0 profiss\u00e3o. Agradece, tamb\u00e9m, aos artistas, bandas, produtores e colegas de trabalho, pela confian\u00e7a de sempre.<\/p>\n<p>\u201cMUIT\u00cdSSIMO OBRIGADO, SEM VOC\u00caS, NADA DISSO SERIA POSS\u00cdVEL! CONTEM COMIGO!\u201d, Daniel Fernandes<\/p>\n<hr \/>\n<h4>Curr\u00edculo<\/h4>\n<p>Com quase 15 anos de experi\u00eancia, mais de 40 bandas e artistas, diversos shows e festivais de grande porte pelo Brasil e exterior, Daniel Fernandes tem um vasto curr\u00edculo de experi\u00eancia em mixagem de som. Mas, al\u00e9m dos trabalhos j\u00e1 realizados, se profissionalizou com cursos como Live Operator Training SSL (Solid State Logic) 2014; treinamento Oficial da Console Live L500 da SSL 2014; workShop YAMAHA de especializa\u00e7\u00e3o em consoles Digitais CL S\u00e9ries, em SP. 2013; especializa\u00e7\u00e3o em Sistema de Grava\u00e7\u00e3o Digital da Digid; entre muitos outros.<\/p>\n<p><a href=\"http:\/\/dfaudiosolutions.com\/site\/wp-content\/uploads\/2016\/10\/Curriculo_Daniel.pdf\" target=\"_blank\">BAIXE SEU CURR\u00cdCULO COMPLETO<\/a><\/p>\n","protected":false},"excerpt":{"rendered":"<p>Daniel Fernandes nasceu com a m\u00fasica no sangue. Seus pais Maria In\u00eas (Professora de Artes Pl\u00e1sticas e Matem\u00e1tica) e Paulo (Jornalista e M\u00fasico), sempre o incentivaram quando cantarolava melodias de [&#8230;]<\/p>\n<p><a rel=\"bookmark\" class=\"more-link button\" href=\"http:\/\/dfaudiosolutions.com\/site\/sobre-daniel-fernandes\/\">Continue reading &rarr;<\/a><\/p>\n","protected":false},"author":1,"featured_media":0,"parent":0,"menu_order":0,"comment_status":"closed","ping_status":"closed","template":"page-templates\/full-width.php","meta":{"footnotes":""},"class_list":["post-398","page","type-page","status-publish","hentry","no-thumbnail"],"_links":{"self":[{"href":"http:\/\/dfaudiosolutions.com\/site\/wp-json\/wp\/v2\/pages\/398","targetHints":{"allow":["GET"]}}],"collection":[{"href":"http:\/\/dfaudiosolutions.com\/site\/wp-json\/wp\/v2\/pages"}],"about":[{"href":"http:\/\/dfaudiosolutions.com\/site\/wp-json\/wp\/v2\/types\/page"}],"author":[{"embeddable":true,"href":"http:\/\/dfaudiosolutions.com\/site\/wp-json\/wp\/v2\/users\/1"}],"replies":[{"embeddable":true,"href":"http:\/\/dfaudiosolutions.com\/site\/wp-json\/wp\/v2\/comments?post=398"}],"version-history":[{"count":6,"href":"http:\/\/dfaudiosolutions.com\/site\/wp-json\/wp\/v2\/pages\/398\/revisions"}],"predecessor-version":[{"id":408,"href":"http:\/\/dfaudiosolutions.com\/site\/wp-json\/wp\/v2\/pages\/398\/revisions\/408"}],"wp:attachment":[{"href":"http:\/\/dfaudiosolutions.com\/site\/wp-json\/wp\/v2\/media?parent=398"}],"curies":[{"name":"wp","href":"https:\/\/api.w.org\/{rel}","templated":true}]}}