{"id":217,"date":"2016-10-05T04:13:24","date_gmt":"2016-10-05T04:13:24","guid":{"rendered":"http:\/\/dfaudiosolutions.com\/site\/?page_id=217"},"modified":"2019-02-07T15:23:05","modified_gmt":"2019-02-07T15:23:05","slug":"banner-home","status":"publish","type":"page","link":"http:\/\/dfaudiosolutions.com\/site\/banner-home\/","title":{"rendered":"Banner Home"},"content":{"rendered":"<p><img loading=\"lazy\" decoding=\"async\" class=\"alignleft size-medium wp-image-387\" src=\"http:\/\/dfaudiosolutions.com\/site\/wp-content\/uploads\/2016\/10\/Mixagens-Ao-Vivo-PA-Monitor-Broadcast-300x274.jpg\" width=\"200\" height=\"200\" srcset=\"http:\/\/dfaudiosolutions.com\/site\/wp-content\/uploads\/2016\/10\/Mixagens-Ao-Vivo-PA-Monitor-Broadcast-150x150.jpg 150w, http:\/\/dfaudiosolutions.com\/site\/wp-content\/uploads\/2016\/10\/Mixagens-Ao-Vivo-PA-Monitor-Broadcast-400x400.jpg 400w, http:\/\/dfaudiosolutions.com\/site\/wp-content\/uploads\/2016\/10\/Mixagens-Ao-Vivo-PA-Monitor-Broadcast-410x410.jpg 410w\" sizes=\"auto, (max-width: 200px) 100vw, 200px\" \/><\/p>\n<p style=\"text-align: left;\">Com quase 18 anos de experi\u00eancia, mais de 50 Bandas\/Artistas, dos mais diversos estilos musicais, Daniel Fernandes vem fazendo um trabalho diferenciado e personalizado por todo Brasil e exterior. Tendo vasta experi\u00eancia em shows de pequeno, m\u00e9dio e grande porte (Rock In Rio, Por\u00e3o do rock, Abril Pro rock, Live`n Louder, etc\u2026) sua mixagem de P.A e Monitores se baseiam em um vasto estudo sobre a Banda\/Artista, tendo como principal objetivo o entendimento do estilo musical, concep\u00e7\u00e3o de sonoridade ao vivo e aplica\u00e7\u00f5es de efeitos, pilotagens (Din\u00e2micas de Instrumentos), e sound-design de acordo com o disco e gosto do Artista\/Banda.<\/p>\n<p><a href=\"http:\/\/dfaudiosolutions.com\/site\/mixagens-ao-vivo\/\">[SAIBA MAIS]<\/a><\/p>\n<hr \/>\n<p style=\"text-align: right;\">O <strong>Live Sound Learning<\/strong> \u00e9 um curso intensivo de \u00c1udio ao Vivo (P.A\/Monitor).<img loading=\"lazy\" decoding=\"async\" class=\"size-medium wp-image-391 alignright\" src=\"http:\/\/dfaudiosolutions.com\/site\/wp-content\/uploads\/2019\/02\/Logo-Principal.jpg\" alt=\"live-sound-learning-logo-lsl\" width=\"200\" height=\"200\" \/><br \/>\nCom conte\u00fado Te\u00f3rico e Pr\u00e1tico, Daniel Fernandes ensina apenas o que voc\u00ea realmente vai utilizar na profiss\u00e3o.<br \/>\n\u201cTudo o que demorou quase 18 anos para aprender, todos os \u201cmacetes\u201d, atalhos, tudo como realmente funciona na estrada, batendo cabe\u00e7a, sob as maiores dificuldades, vou passar para voc\u00eas, sem esconder o jogo!\u201d<\/p>\n<p style=\"text-align: right;\"><a href=\"http:\/\/dfaudiosolutions.com\/site\/live-sound-learning\/\">[SAIBA MAIS SOBRE O CURSO]<\/a><\/p>\n<hr \/>\n<p><img loading=\"lazy\" decoding=\"async\" class=\"size-medium wp-image-305 alignleft\" src=\"http:\/\/dfaudiosolutions.com\/site\/wp-content\/uploads\/2016\/10\/29166474-Sound-Mixer-Console-Stock-Vector-300x274.jpg\" width=\"200\" height=\"200\" srcset=\"http:\/\/dfaudiosolutions.com\/site\/wp-content\/uploads\/2016\/10\/29166474-Sound-Mixer-Console-Stock-Vector-150x150.jpg 150w, http:\/\/dfaudiosolutions.com\/site\/wp-content\/uploads\/2016\/10\/29166474-Sound-Mixer-Console-Stock-Vector-400x400.jpg 400w, http:\/\/dfaudiosolutions.com\/site\/wp-content\/uploads\/2016\/10\/29166474-Sound-Mixer-Console-Stock-Vector-410x410.jpg 410w\" sizes=\"auto, (max-width: 200px) 100vw, 200px\" \/><\/p>\n<p style=\"text-align: left;\">O <strong>Master Console Digital<\/strong>, \u00e9 um \u201cMaster Class\u201d de mesa digital, com \u00eanfase em mixagem de P.A.\u00a0Esse curso \u00e9 indicado para quem acabou o LIVE SOUND LEARNING, ou j\u00e1 trabalha com \u00e1udio e queira se aprimorar com mesa digital e mixagem ao vivo. O Conte\u00fado \u00e9 90% pr\u00e1tico, onde trabalhamos em cima de uma mesa Digital, operando e mixando sob comando de Daniel Fernandes em um P.A.<\/p>\n<p style=\"text-align: left;\"><a href=\"http:\/\/dfaudiosolutions.com\/site\/master-console-digital\/\">[SAIBA MAIS SOBRE O CURSO]<\/a><\/p>\n<hr \/>\n<p style=\"text-align: right;\"><img loading=\"lazy\" decoding=\"async\" class=\"size-medium wp-image-305 alignright\" src=\"http:\/\/dfaudiosolutions.com\/site\/wp-content\/uploads\/2016\/10\/One-Day-on-the-Show.jpg\" width=\"200\" height=\"200\" \/>O <strong>One Day on the Show<\/strong>, consiste em passar um dia inteiro em um show de verdade, de uma Banda\/Artista com Daniel Fernandes. Os alunos ir\u00e3o ter a real experi\u00eancia e sensa\u00e7\u00e3o de acompanhar desde a passagem de som, at\u00e9 o final do show, obtendo todas as informa\u00e7\u00f5es de \u00e1udio necess\u00e1rias para se fazer um grande espet\u00e1culo.<\/p>\n<p style=\"text-align: right;\"><a href=\"http:\/\/dfaudiosolutions.com\/site\/one-day-on-the-show\/\">[SAIBA MAIS SOBRE O CURSO]<\/a><\/p>\n","protected":false},"excerpt":{"rendered":"<p>Com quase 18 anos de experi\u00eancia, mais de 50 Bandas\/Artistas, dos mais diversos estilos musicais, Daniel Fernandes vem fazendo um trabalho diferenciado e personalizado por todo Brasil e exterior. Tendo [&#8230;]<\/p>\n<p><a rel=\"bookmark\" class=\"more-link button\" href=\"http:\/\/dfaudiosolutions.com\/site\/banner-home\/\">Continue reading &rarr;<\/a><\/p>\n","protected":false},"author":1,"featured_media":0,"parent":0,"menu_order":0,"comment_status":"closed","ping_status":"closed","template":"page-templates\/section.php","meta":{"footnotes":""},"class_list":["post-217","page","type-page","status-publish","hentry","no-thumbnail"],"_links":{"self":[{"href":"http:\/\/dfaudiosolutions.com\/site\/wp-json\/wp\/v2\/pages\/217","targetHints":{"allow":["GET"]}}],"collection":[{"href":"http:\/\/dfaudiosolutions.com\/site\/wp-json\/wp\/v2\/pages"}],"about":[{"href":"http:\/\/dfaudiosolutions.com\/site\/wp-json\/wp\/v2\/types\/page"}],"author":[{"embeddable":true,"href":"http:\/\/dfaudiosolutions.com\/site\/wp-json\/wp\/v2\/users\/1"}],"replies":[{"embeddable":true,"href":"http:\/\/dfaudiosolutions.com\/site\/wp-json\/wp\/v2\/comments?post=217"}],"version-history":[{"count":57,"href":"http:\/\/dfaudiosolutions.com\/site\/wp-json\/wp\/v2\/pages\/217\/revisions"}],"predecessor-version":[{"id":575,"href":"http:\/\/dfaudiosolutions.com\/site\/wp-json\/wp\/v2\/pages\/217\/revisions\/575"}],"wp:attachment":[{"href":"http:\/\/dfaudiosolutions.com\/site\/wp-json\/wp\/v2\/media?parent=217"}],"curies":[{"name":"wp","href":"https:\/\/api.w.org\/{rel}","templated":true}]}}