{"id":202,"date":"2016-10-05T00:57:16","date_gmt":"2016-10-05T00:57:16","guid":{"rendered":"http:\/\/dfaudiosolutions.com\/site\/?page_id=202"},"modified":"2019-11-21T19:32:19","modified_gmt":"2019-11-21T19:32:19","slug":"one-day-on-the-show","status":"publish","type":"page","link":"http:\/\/dfaudiosolutions.com\/site\/one-day-on-the-show\/","title":{"rendered":"ALL ACCESS &#8211; One Day On The Show"},"content":{"rendered":"<p><img loading=\"lazy\" decoding=\"async\" class=\"size-medium wp-image-265 alignleft\" src=\"http:\/\/dfaudiosolutions.com\/site\/wp-content\/uploads\/2016\/10\/One-day-on-the-show-2-300x225.jpg\" alt=\"one-day-on-the-show-2\" width=\"300\" height=\"225\" srcset=\"http:\/\/dfaudiosolutions.com\/site\/wp-content\/uploads\/2016\/10\/One-day-on-the-show-2-300x225.jpg 300w, http:\/\/dfaudiosolutions.com\/site\/wp-content\/uploads\/2016\/10\/One-day-on-the-show-2-768x576.jpg 768w, http:\/\/dfaudiosolutions.com\/site\/wp-content\/uploads\/2016\/10\/One-day-on-the-show-2-1140x855.jpg 1140w, http:\/\/dfaudiosolutions.com\/site\/wp-content\/uploads\/2016\/10\/One-day-on-the-show-2-760x570.jpg 760w, http:\/\/dfaudiosolutions.com\/site\/wp-content\/uploads\/2016\/10\/One-day-on-the-show-2-740x555.jpg 740w, http:\/\/dfaudiosolutions.com\/site\/wp-content\/uploads\/2016\/10\/One-day-on-the-show-2-800x600.jpg 800w, http:\/\/dfaudiosolutions.com\/site\/wp-content\/uploads\/2016\/10\/One-day-on-the-show-2-1200x900.jpg 1200w, http:\/\/dfaudiosolutions.com\/site\/wp-content\/uploads\/2016\/10\/One-day-on-the-show-2-410x308.jpg 410w, http:\/\/dfaudiosolutions.com\/site\/wp-content\/uploads\/2016\/10\/One-day-on-the-show-2-1707x1280.jpg 1707w, http:\/\/dfaudiosolutions.com\/site\/wp-content\/uploads\/2016\/10\/One-day-on-the-show-2-400x300.jpg 400w\" sizes=\"auto, (max-width: 300px) 100vw, 300px\" \/>O One Day on the Show, consiste em passar um dia inteiro em um show de verdade, de uma Banda\/Artista com Daniel Fernandes. Os alunos ir\u00e3o ter a real experi\u00eancia e sensa\u00e7\u00e3o de acompanhar desde a passagem de som, at\u00e9 o final do show, obtendo todas as informa\u00e7\u00f5es de \u00e1udio necess\u00e1rias para se fazer um grande espet\u00e1culo. Esse curso \u00e9 indicado para quem acabou o LIVE SOUND LEARNING, MASTER CONSOLE DIGITAL, ou j\u00e1 trabalha com \u00e1udio e queira entender como tudo funciona em um show de verdade.<\/p>\n<p><strong>Aqui est\u00e1 a programa\u00e7\u00e3o:<\/strong><br \/>\n<strong>&#8211; 1 dia inteiro (Sem hora pra acabar).<\/strong><br \/>\n<strong> &#8211; 2 alunos por dia.<\/strong><\/p>\n<p><strong>Chegada \u2013 Programa\u00e7\u00e3o da Mesa \u2013 Alinhamento de Sistema \u2013 Microfona\u00e7\u00e3o e Cabeamento no Palco &#8211; Passagem de Som \u2013 Show Time \u2013<\/strong><br \/>\n<strong> Encerramento.<\/strong><\/p>\n<p><span style=\"color: #ff0000;\"><strong>EM BREVE!<\/strong><\/span><\/p>\n<h2 style=\"text-align: center;\">Contato<\/h2>\n<h3 style=\"text-align: center;\"><strong>Daniel Fernandes &#8211; Audio Engineer<\/strong><\/h3>\n<h3 style=\"text-align: center;\">Tel.: 55 11 95278-8898<br \/>\n<span style=\"color: #ff9900;\"><a style=\"color: #ff9900;\" href=\"mailto:musicmaker@uol.com.br\">musicmaker@uol.com.br<\/a><\/span><\/h3>\n","protected":false},"excerpt":{"rendered":"<p>O One Day on the Show, consiste em passar um dia inteiro em um show de verdade, de uma Banda\/Artista com Daniel Fernandes. Os alunos ir\u00e3o ter a real experi\u00eancia [&#8230;]<\/p>\n<p><a rel=\"bookmark\" class=\"more-link button\" href=\"http:\/\/dfaudiosolutions.com\/site\/one-day-on-the-show\/\">Continue reading &rarr;<\/a><\/p>\n","protected":false},"author":1,"featured_media":0,"parent":0,"menu_order":0,"comment_status":"closed","ping_status":"closed","template":"page-templates\/full-width.php","meta":{"footnotes":""},"class_list":["post-202","page","type-page","status-publish","hentry","no-thumbnail"],"_links":{"self":[{"href":"http:\/\/dfaudiosolutions.com\/site\/wp-json\/wp\/v2\/pages\/202","targetHints":{"allow":["GET"]}}],"collection":[{"href":"http:\/\/dfaudiosolutions.com\/site\/wp-json\/wp\/v2\/pages"}],"about":[{"href":"http:\/\/dfaudiosolutions.com\/site\/wp-json\/wp\/v2\/types\/page"}],"author":[{"embeddable":true,"href":"http:\/\/dfaudiosolutions.com\/site\/wp-json\/wp\/v2\/users\/1"}],"replies":[{"embeddable":true,"href":"http:\/\/dfaudiosolutions.com\/site\/wp-json\/wp\/v2\/comments?post=202"}],"version-history":[{"count":25,"href":"http:\/\/dfaudiosolutions.com\/site\/wp-json\/wp\/v2\/pages\/202\/revisions"}],"predecessor-version":[{"id":586,"href":"http:\/\/dfaudiosolutions.com\/site\/wp-json\/wp\/v2\/pages\/202\/revisions\/586"}],"wp:attachment":[{"href":"http:\/\/dfaudiosolutions.com\/site\/wp-json\/wp\/v2\/media?parent=202"}],"curies":[{"name":"wp","href":"https:\/\/api.w.org\/{rel}","templated":true}]}}