{"id":188,"date":"2016-10-05T00:50:50","date_gmt":"2016-10-05T00:50:50","guid":{"rendered":"http:\/\/dfaudiosolutions.com\/site\/?page_id=188"},"modified":"2019-11-21T19:32:33","modified_gmt":"2019-11-21T19:32:33","slug":"gravacao-mixagem-estudio","status":"publish","type":"page","link":"http:\/\/dfaudiosolutions.com\/site\/gravacao-mixagem-estudio\/","title":{"rendered":"Grava\u00e7\u00e3o \/ Mixagem (Estudio)"},"content":{"rendered":"<p><a href=\"http:\/\/dfaudiosolutions.com\/site\/wp-content\/uploads\/2016\/10\/Gravac\u0327a\u0303o_Mixagem.jpg\"><img loading=\"lazy\" decoding=\"async\" class=\"size-medium wp-image-256 alignleft\" src=\"http:\/\/dfaudiosolutions.com\/site\/wp-content\/uploads\/2016\/10\/Gravac\u0327a\u0303o_Mixagem-300x225.jpg\" alt=\"gravac%cc%a7a%cc%83o_mixagem\" width=\"300\" height=\"225\" srcset=\"http:\/\/dfaudiosolutions.com\/site\/wp-content\/uploads\/2016\/10\/Gravac\u0327a\u0303o_Mixagem-300x225.jpg 300w, http:\/\/dfaudiosolutions.com\/site\/wp-content\/uploads\/2016\/10\/Gravac\u0327a\u0303o_Mixagem-768x576.jpg 768w, http:\/\/dfaudiosolutions.com\/site\/wp-content\/uploads\/2016\/10\/Gravac\u0327a\u0303o_Mixagem-1140x855.jpg 1140w, http:\/\/dfaudiosolutions.com\/site\/wp-content\/uploads\/2016\/10\/Gravac\u0327a\u0303o_Mixagem-760x570.jpg 760w, http:\/\/dfaudiosolutions.com\/site\/wp-content\/uploads\/2016\/10\/Gravac\u0327a\u0303o_Mixagem-740x555.jpg 740w, http:\/\/dfaudiosolutions.com\/site\/wp-content\/uploads\/2016\/10\/Gravac\u0327a\u0303o_Mixagem-800x600.jpg 800w, http:\/\/dfaudiosolutions.com\/site\/wp-content\/uploads\/2016\/10\/Gravac\u0327a\u0303o_Mixagem-1200x900.jpg 1200w, http:\/\/dfaudiosolutions.com\/site\/wp-content\/uploads\/2016\/10\/Gravac\u0327a\u0303o_Mixagem-410x308.jpg 410w, http:\/\/dfaudiosolutions.com\/site\/wp-content\/uploads\/2016\/10\/Gravac\u0327a\u0303o_Mixagem-1707x1280.jpg 1707w, http:\/\/dfaudiosolutions.com\/site\/wp-content\/uploads\/2016\/10\/Gravac\u0327a\u0303o_Mixagem-400x300.jpg 400w\" sizes=\"auto, (max-width: 300px) 100vw, 300px\" \/><\/a>Daniel Fernandes come\u00e7ou sua carreira no \u00e1udio, trabalhando em est\u00fadio. Por alguns anos, adquiriu grande experi\u00eancia em Grava\u00e7\u00e3o, Edi\u00e7\u00e3o e Mixagem de discos, v\u00eddeo-aulas, apresenta\u00e7\u00f5es ao vivo. Possui vasta experi\u00eancia com equipamentos como: Avid Pro-Tools, Perif\u00e9ricos e mesas de som anal\u00f3gicas\/digitais, Plugins, etc&#8230; Teve oportunidade de trabalhar com muitos artistas e bandas de renome e de diversos estilos musicais. O produtor Manny Monteiro (Institute of Audio Research-NY, Pr\u00eamio Sharp \u2013 Melhor Produtor), foi seu mentor durante 7 anos, portanto, realizando diversos trabalhos ao seu lado e adquirindo muita experi\u00eancia e bagagem!<\/p>\n<p>Para gravar e mixar com Daniel Fernandes, entre em contato!<\/p>\n<h2 style=\"text-align: center;\">Contato<\/h2>\n<h3 style=\"text-align: center;\"><strong>Daniel Fernandes &#8211; Audio Engineer<\/strong><\/h3>\n<h3 style=\"text-align: center;\">Tel.: 55 11 95278-8898<br \/>\n<span style=\"color: #ff9900;\"><a style=\"color: #ff9900;\" href=\"mailto:musicmaker@uol.com.br\">musicmaker@uol.com.br<\/a><\/span><\/h3>\n","protected":false},"excerpt":{"rendered":"<p>Daniel Fernandes come\u00e7ou sua carreira no \u00e1udio, trabalhando em est\u00fadio. Por alguns anos, adquiriu grande experi\u00eancia em Grava\u00e7\u00e3o, Edi\u00e7\u00e3o e Mixagem de discos, v\u00eddeo-aulas, apresenta\u00e7\u00f5es ao vivo. Possui vasta experi\u00eancia [&#8230;]<\/p>\n<p><a rel=\"bookmark\" class=\"more-link button\" href=\"http:\/\/dfaudiosolutions.com\/site\/gravacao-mixagem-estudio\/\">Continue reading &rarr;<\/a><\/p>\n","protected":false},"author":1,"featured_media":0,"parent":0,"menu_order":0,"comment_status":"closed","ping_status":"closed","template":"page-templates\/full-width.php","meta":{"footnotes":""},"class_list":["post-188","page","type-page","status-publish","hentry","no-thumbnail"],"_links":{"self":[{"href":"http:\/\/dfaudiosolutions.com\/site\/wp-json\/wp\/v2\/pages\/188","targetHints":{"allow":["GET"]}}],"collection":[{"href":"http:\/\/dfaudiosolutions.com\/site\/wp-json\/wp\/v2\/pages"}],"about":[{"href":"http:\/\/dfaudiosolutions.com\/site\/wp-json\/wp\/v2\/types\/page"}],"author":[{"embeddable":true,"href":"http:\/\/dfaudiosolutions.com\/site\/wp-json\/wp\/v2\/users\/1"}],"replies":[{"embeddable":true,"href":"http:\/\/dfaudiosolutions.com\/site\/wp-json\/wp\/v2\/comments?post=188"}],"version-history":[{"count":14,"href":"http:\/\/dfaudiosolutions.com\/site\/wp-json\/wp\/v2\/pages\/188\/revisions"}],"predecessor-version":[{"id":588,"href":"http:\/\/dfaudiosolutions.com\/site\/wp-json\/wp\/v2\/pages\/188\/revisions\/588"}],"wp:attachment":[{"href":"http:\/\/dfaudiosolutions.com\/site\/wp-json\/wp\/v2\/media?parent=188"}],"curies":[{"name":"wp","href":"https:\/\/api.w.org\/{rel}","templated":true}]}}