{"id":15,"date":"2016-10-04T19:30:51","date_gmt":"2016-10-04T19:30:51","guid":{"rendered":"http:\/\/dfaudiosolutions.com\/site\/?page_id=15"},"modified":"2019-11-21T19:31:16","modified_gmt":"2019-11-21T19:31:16","slug":"contato","status":"publish","type":"page","link":"http:\/\/dfaudiosolutions.com\/site\/contato\/","title":{"rendered":"Contato"},"content":{"rendered":"<h2 style=\"text-align: center;\">Contato<\/h2>\n<h3 style=\"text-align: center;\"><strong>Daniel Fernandes &#8211; Audio Engineer<\/strong><\/h3>\n<h3 style=\"text-align: center;\">Tel.: 55 11 95278-8898<br \/>\n<span style=\"color: #ff9900;\"><a style=\"color: #ff9900;\" href=\"mailto:musicmaker@uol.com.br\">musicmaker@uol.com.br<\/a><\/span><\/h3>\n<p><!--\n<iframe loading=\"lazy\" id=\"contactform123\" style=\"min-height: 600px; height: inherit; overflow: auto;\" src=\"http:\/\/www.123contactform.com\/my-contact-form-2243828.html\" name=\"contactform123\" width=\"100%\" height=\"600\" frameborder=\"0\" marginwidth=\"0\" marginheight=\"0\">Seu navegador n\u00e3o suporta iframes. O formul\u00e1rio de contato n\u00e3o p\u00f4de ser exibido. Por favor, use outro modo de contato (telefone, fax, etc)<\/iframe>\n--><\/p>\n","protected":false},"excerpt":{"rendered":"<p>Contato Daniel Fernandes &#8211; Audio Engineer Tel.: 55 11 95278-8898 musicmaker@uol.com.br<\/p>\n","protected":false},"author":1,"featured_media":0,"parent":0,"menu_order":0,"comment_status":"closed","ping_status":"closed","template":"page-templates\/section.php","meta":{"footnotes":""},"class_list":["post-15","page","type-page","status-publish","hentry","no-thumbnail"],"_links":{"self":[{"href":"http:\/\/dfaudiosolutions.com\/site\/wp-json\/wp\/v2\/pages\/15","targetHints":{"allow":["GET"]}}],"collection":[{"href":"http:\/\/dfaudiosolutions.com\/site\/wp-json\/wp\/v2\/pages"}],"about":[{"href":"http:\/\/dfaudiosolutions.com\/site\/wp-json\/wp\/v2\/types\/page"}],"author":[{"embeddable":true,"href":"http:\/\/dfaudiosolutions.com\/site\/wp-json\/wp\/v2\/users\/1"}],"replies":[{"embeddable":true,"href":"http:\/\/dfaudiosolutions.com\/site\/wp-json\/wp\/v2\/comments?post=15"}],"version-history":[{"count":40,"href":"http:\/\/dfaudiosolutions.com\/site\/wp-json\/wp\/v2\/pages\/15\/revisions"}],"predecessor-version":[{"id":584,"href":"http:\/\/dfaudiosolutions.com\/site\/wp-json\/wp\/v2\/pages\/15\/revisions\/584"}],"wp:attachment":[{"href":"http:\/\/dfaudiosolutions.com\/site\/wp-json\/wp\/v2\/media?parent=15"}],"curies":[{"name":"wp","href":"https:\/\/api.w.org\/{rel}","templated":true}]}}